*c**2 + 7*c - 13. Determine i(2).
-15
Let n(r) = 4*r - 179. Give n(32).
-51
Let t(g) = g**3 + 17*g**2 + 29*g + 4. Give t(-15).
19
Let l(m) = -2*m**2 + 29*m + 8. Calculate l(-5).
-187
Let n(p) = 809*p - 29955. Give n(37).
-22
Let a(j) = -2*j**2 - 5366*j - 26777. Calculate a(-5).
3
Let l(f) = f**3 - 2*f**2 - 132*f + 411. Give l(3).
24
Let i(h) = 9*h**2 - 117*h - 66. Calculate i(14).
60
Let t(f) = -2*f**3 - 17*f**2 + 43*f + 139. Give t(-10).
9
Let d(n) = -4*n**2 + 158*n - 935. Determine d(33).
-77
Let v(w) = 401*w**3 + 5*w**2 - 4*w + 1. Calculate v(1).
403
Let d(r) = r**3 - 11*r**2 - 5*r + 139. Calculate d(10).
-11
Let d(r) = -4*r**2 - 14*r - 46. What is d(-5)?
-76
Let k(s) = 808*s + 3231. Give k(-4).
-1
Let i(k) = -5*k**2 - 22*k + 28. What is i(-5)?
13
Let s(y) = 200*y - 4943. Calculate s(25).
57
Let u(b) = b**3 - 39*b**2 - 878*b + 22. Determine u(-16).
-10
Let k(j) = j**3 - 49*j**2 + 119*j + 868. Calculate k(46).
-6
Let m(j) = 130*j**2 - 8840*j + 3. Determine m(68).
3
Let w(r) = -1769*r - 5311. Determine w(-3).
-4
Let r(d) = -3*d**2 - 63*d - 64. Give r(-20).
-4
Let m(v) = 30*v**2 + 2*v + 22. Give m(-3).
286
Let m(j) = -j**2 + 13*j + 333. Determine m(34).
-381
Let d(u) = 3*u**2 - 372*u - 751. Give d(126).
5
Let x(r) = -9*r**2 + 44*r - 37. What is x(4)?
-5
Let w(a) = -a**3 - 54*a**2 - 200*a - 11. Give w(-50).
-11
Let t(k) = -74*k + 126. What is t(2)?
-22
Let d(j) = -j**2 - 584*j - 77870. Determine d(-378).
-2
Let b(o) = o**2 - 9*o - 29. What is b(-2)?
-7
Let w(o) = 214*o + 19. Give w(-2).
-409
Let m(y) = 776*y + 6983. Calculate m(-9).
-1
Let w(q) = q**2 + 21*q - 199. Give w(-28).
-3
Let b(h) = h**3 - 19*h**2 + 22*h + 30. Calculate b(18).
102
Let i(c) = -2*c**2 + 3*c + 203. Determine i(-21).
-742
Let s(h) = -h**3 - 45*h**2 - 5*h - 37. Determine s(-45).
188
Let z(x) = -216*x - 417. What is z(-2)?
15
Let o(h) = 2*h**3 + 34*h**2 - h + 19. What is o(-17)?
36
Let q(p) = -p**2 - 313*p + 5262. Calculate q(16).
-2
Let q(u) = u - 8. Calculate q(23).
15
Let s(c) = 526*c - 1571. What is s(3)?
7
Let c(o) = -34*o**3 + 140. Determine c(0).
140
Let b(x) = x**3 - 39*x**2 + 68*x + 215. Determine b(37).
-7
Let f(n) = 159*n + 1106. Determine f(-7).
-7
Let o(x) = 71*x - 1136. Give o(20).
284
Let v(n) = -97*n - 636. What is v(-10)?
334
Let s(r) = 41*r - 3066. What is s(75)?
9
Let v(k) = 14*k**2 + 780*k + 9496. Give v(-18).
-8
Let m(d) = 216*d + 1858. Calculate m(-9).
-86
Let h(q) = 951*q - 15205. Calculate h(16).
11
Let o(y) = 3146*y - 18814. Calculate o(6).
62
Let o(k) = -k**3 - 43*k**2 + 87*k - 190. Calculate o(-45).
-55
Let q(b) = b**3 - 18*b**2 - 17*b - 48. What is q(18)?
-354
Let z(v) = -4*v**3 + 119*v**2 + 31*v - 28. Give z(30).
2
Let t(k) = -k**2 - 20*k + 1995. Give t(-56).
-21
Let f(z) = -z**3 + 21*z**2 + 21*z + 18. What is f(22)?
-4
Let b(o) = -68*o + 308. Calculate b(5).
-32
Let v(o) = -o**3 - 18*o**2 - 16*o + 55. Give v(-17).
38
Let i(v) = -v**3 - 223*v**2 + 1418*v + 10076. Determine i(-229).
0
Let k(i) = -12*i**2 - 432*i - 16. Calculate k(-36).
-16
Let m(o) = -34*o - 773. Give m(-22).
-25
Let l(a) = 32*a**2 - 221*a + 187. What is l(1)?
-2
Let s(l) = -46*l - 22. Calculate s(1).
-68
Let y(q) = q**2 + 3371*q - 84874. Give y(25).
26
Let k(c) = -2*c**3 - 41*c**2 - 203*c - 28. Give k(-8).
-4
Let p(v) = -19*v + 92. Give p(-4).
168
Let s(z) = -6777*z - 13543. What is s(-2)?
11
Let g(b) = 276*b - 13. Give g(1).
263
Let h(w) = -5*w**2 - 109*w + 452. Give h(-26).
-94
Let i(a) = 68*a**2 + 3*a + 2. Calculate i(-1).
67
Let k(j) = j**2 + 445*j + 10084. What is k(-24)?
-20
Let g(j) = 2*j**3 + 78*j**2 + 67*j - 337. Give g(-38).
5
Let n(x) = 91*x - 1275. Give n(14).
-1
Let a(h) = 17*h - 194. What is a(4)?
-126
Let z(h) = -302*h + 3013. Give z(10).
-7
Let a(j) = j**3 - 13*j**2 + 25*j + 47. What is a(10)?
-3
Let t(b) = b**3 - 6*b**2 + 32*b - 127. What is t(5)?
8
Let z(i) = 122*i - 546. Give z(4).
-58
Let m(f) = -21*f**2. Determine m(2).
-84
Let r(s) = 6*s**2 - 14*s - 86. Calculate r(-3).
10
Let j(w) = 28*w - 1743. Give j(60).
-63
Let x(c) = -9*c + 20. Give x(-11).
119
Let b(t) = -t**3 - 37*t**2 - 132*t - 9. Determine b(-33).
-9
Let q(i) = -26*i - 271. Give q(-10).
-11
Let x(h) = -h**3 - 24*h**2 - 14*h - 884. Give x(-25).
91
Let w(k) = 3*k**3 + 7*k**2 - 27*k - 78. Give w(-3).
-15
Let j(g) = g**2 + 38*g - 37. Give j(-38).
-37
Let o(l) = -l**3 + 24*l**2 - 46*l + 48. Give o(22).
4
Let t(z) = -11011*z + 407405. Give t(37).
-2
Let s(k) = k**2 - 78*k - 994. Give s(-11).
-15
Let o(k) = 7*k**2 - 4*k - 130. Calculate o(7).
185
Let l(g) = g**3 - 11*g**2 - 15*g - 35. Calculate l(13).
108
Let j(v) = -v**2 + 149*v + 627. Calculate j(-4).
15
Let z(g) = 8*g + 45. Give z(-13).
-59
Let j(l) = 4*l**2 - 14*l - 73. Give j(-3).
5
Let a(n) = 4*n**2 + 250*n - 4. Determine a(0).
-4
Let b(s) = -s**3 - 20*s**2 - 77*s + 84. Give b(-13).
-98
Let t(u) = -16*u - 55. Give t(6).
-151
Let h(t) = t**3 + 9*t**2 - 69*t - 572. Determine h(-10).
18
Let b(k) = 8337*k - 91701. Determine b(11).
6
Let u(h) = -2*h**3 - 20*h**2 - 18*h + 26. What is u(-9)?
26
Let h(k) = 32*k**3 - 32*k**2 - 31*k + 4. What is h(-1)?
-29
Let l(s) = -s**3 - 18*s**2 - 52*s - 7. What is l(0)?
-7
Let i(y) = y**3 - 4*y**2 - 17*y - 67. Give i(7).
-39
Let w(v) = v**3 - 8*v**2 - 41*v + 207. What is w(10)?
-3
Let r(a) = a**2 + 949*a + 18572. Determine r(-20).
-8
Let u(m) = 4*m**2 + 159*m + 314. Calculate u(-2).
12
Let z(g) = -145*g + 284. Calculate z(2).
-6
Let y(j) = j**3 - 53*j**2 + 377*j + 9. Determine y(9).
-162
Let w(u) = -u**3 - 5*u**2 + 87*u + 367. Determine w(-4).
3
Let p(n) = -4*n**2 - 53*n + 375. What is p(0)?
375
Let r(z) = 2*z**2 - 12*z + 15. Calculate r(2).
-1
Let j(w) = w**2 + 184*w + 1054. Calculate j(-6).
-14
Let r(x) = -x**2 + 16*x + 1. Determine r(20).
-79
Let r(m) = m**2 + 47*m + 204. What is r(-4)?
32
Let g(a) = a**3 + 12*a**2 - 4*a + 381. Determine g(-14).
45
Let v(d) = -d**3 + 8*d**2 + 42*d - 322. Give v(6).
2
Let c(r) = 18*r - 255. Determine c(19).
87
Let o(q) = -6*q**2 + 22*q - 7. Determine o(6).
-91
Let j(v) = v**3 - 26*v**2 + 71*v - 47. Calculate j(23).
-1
Let d(b) = -b**2 - 26*b + 1493. What is d(28)?
-19
Let w(m) = 311*m - 38. Give w(2).
584
Let c(k) = k**3 + 4*k**2 + 9*k + 26. Give c(-3).
8
Let s(d) = -204*d - 7763. Calculate s(-38).
-11
Let c(q) = -q**3 + 14*q**2 + 93*q + 108. Calculate c(19).
70
Let o(v) = v**2 - 27*v + 72. Calculate o(9).
-90
Let p(s) = -s**2 - 20*s - 36. What is p(-19)?
-17
Let v(b) = -5*b**2 - 182*b + 49. What is v(-38)?
-255
Let o(h) = -h**3 + 68*h**2 - 311*h - 248. Give o(63).
4
Let l(t) = t**3 + 5*t**2 + 753*t + 2279. What is l(-3)?
38
Let j(k) = 6*k**2 + 16*k + 15. Calculate j(-2).
7
Let l(q) = 33*q**2 - 150*q - 49. Determine l(5).
26
Let o(m) = -m**3 - 15*m**2 + 30*m - 35. Give o(-17).
33
Let q(g) = -g**3 + 80*g**2 - 72*g - 623. What is q(79)?
-70
Let t(m) = -5*m**2 - 81*m - 183. Calculate t(-13).
25
Let o(l) = -45*l + 18. Determine o(1).
-27
Let x(i) = 16*i + 108. Calculate x(10).
268
Let m(n) = -n**3 + 9*n**2 - 4*n + 44. What is m(7)?
114
Let y(p) = 7*p**2 + 5*p - 33. Give y(0).
-33
Let g(i) = -i**3 + 24*i**2 - 2*i + 23. What is g(24)?
-25
Let a(b) = 15*b + 100. What is a(0)?
100
Let i(y) = 12*y - 477. Determine i(38).
-21
Let r(f) = -154*f + 2459. Give r(16).
-5
Let d(r) = 1280*r - 3824. Determine d(3).
16
Let n(c) = -123*c + 7872. What is n(64)?
0
Let p(m) = -617*m - 5516. Calculate p(-9).
37
Let c(h) = -3*h**3 - h**2 + 132*h + 133. What is c(-1)?
3
Let p(b) = -18*b - 15. What is p(0)?
-15
Let s(d) = 8*d**3 + 3*d**2 - 9*d - 11. What is s(-1)?
-7
Let w(o) = -59*o + 1281. Determine w(23).
-76
Let d(r) = -78*r + 413. What is d(4)?
101
Let i(l) = -378*l + 2181. Determine i(6).
-87
Let n(z) = 9*z + 647. Give n(-71).
8
Let s(g) = g**3 + 23*g**2 + 140*g + 648. What is s(-17)?
2
Let l(i) = 33*i + 455. What is l(-12)?
59
Let n(q) = 356*q + 18490. What is n(-52)?
-22
Let k(l) = -4*l**2 + 2*l - 3. Calculate k(0).
-3
Let y(o) = o**2 + 222*o + 4219. Calculate y(-201).
-2
Let s(c) = 153*c - 7197. What is s(47)?
-6
Let b(v) = 617*v - 5579. Determine b(9).
-26
Let y(r) = 2*r**3 - 375*r**2 - 944*r - 1124. Give y(190).
16
Let b(x) = -x**2 + 89*x + 873. Calculate b(-9).
-9
Let s(g) = -g**2 + 19*g + 42. Determine s(20).
22
Let y(a) = 164*a - 21868. Calculate y(133).
-56
Let q(h) = -h**3 + 45*h**2 - 165*h 